e -2*z = -6, 119 = -23*p + 25*p + 3*z. Calculate the remainder when 198 is divided by p.
33
Calculate the remainder when 123 is divided by ((-1)/(-2))/((-6)/60) - -11.
3
Let k = 9 + -6. Suppose -q = -5*n + 51, 0 = 4*n - 0*n + k*q - 37. Suppose -6*p + 112 = -2*p. What is the remainder when p is divided by n?
8
Suppose -j - 44 = -3*j. Let u(s) = 2*s**3 - 18*s**2 + 26*s - 17. What is the remainder when u(8) is divided by j?
19
Let r(j) = 10 - 2*j + 26 - 2 + 3. What is the remainder when 23 is divided by r(16)?
3
Let h = -610 + 819. What is the remainder when h is divided by 71?
67
Suppose -11*m - 774 = -3205. Suppose -45 = -0*g - g. What is the remainder when m is divided by g?
41
Suppose m - 2*j - 2 = 21, -4*j + 45 = 5*m. Let i = -352 - -2. Calculate the remainder when (2 + 2)*(i/(-8))/7 is divided by m.
12
Suppose 4*b + 5*d - 352 = d, -9 = -3*d. Let y = -73 + b. Suppose 4*u - 133 = -1. What is the remainder when u is divided by y?
9
Suppose -5*a + 4*s = 245, -3*s + s - 80 = 2*a. Let g = a - -67. Calculate the remainder when g is divided by 8.
6
Suppose -31*f + 147 = 3*h - 28*f, 3*f = 4*h - 161. What is the remainder when h is divided by 33?
11
Let d = 190 + -165. Calculate the remainder when (-2984)/(-44) - 2/(-11) is divided by d.
18
Let o = -494 - -503. Let d(f) = -f. Calculate the remainder when o is divided by d(-5).
4
Suppose 36 + 54 = 5*d. Let a = -16 + d. Calculate the remainder when 18 is divided by 9 - (6/a + -1).
4
Suppose -4*b + 8598 + 6192 = -a, 11097 = 3*b - 3*a. Calculate the remainder when b is divided by 37.
34
Let w(j) = -2*j + 42. Suppose 3*d = -4*t + 74, 38 = t + 5*d + 11. Suppose -89 = -4*h + x, 3*x - x = -h + 29. What is the remainder when h is divided by w(t)?
7
Let n(s) = s**3 - 2*s**2 - 4*s + 6. Suppose 0 = b - 8 - 8. What is the remainder when n(5) is divided by b?
13
Let a = 1116 - 1093. What is the remainder when a is divided by 6?
5
Let t(o) = -o - 9. Let q be t(-4). Let k = 21 + q. What is the remainder when -4*((-155)/10 + 0) is divided by k?
14
Let h(a) = 4*a**2 + 3*a + 16. Let j be h(5). Let c = j + -96. Calculate the remainder when 67 is divided by c.
32
Calculate the remainder when 196 is divided by -4 - (-3 - (22 - 3)).
16
Suppose 0 = -4*n + 5*s + 164, 0 = 5*n - 5*s - 211 + 11. Let z = 48 - n. What is the remainder when 34 is divided by z?
10
Let r(j) = 2*j**3 - j**2 + 3*j + 1. What is the remainder when 132 is divided by r(3)?
22
Let f = -15 + 14. Let x be 0 + (1 - (1 + f)). Let u = x - -3. Calculate the remainder when 5 is divided by u.
1
Let i(o) = -o + 2. What is the remainder when i(-15) is divided by (13 - -1)*2/4?
3
Let o = -456 - -466. Suppose -6 = -5*r + 3*b - 6*b, 6 = r - b. What is the remainder when o is divided by r?
1
Let y(c) = -c**2 + 19*c - 16. Suppose -2 = -u - 5*b, 2*b + 6 - 50 = -4*u. Calculate the remainder when y(u) is divided by 14.
12
Let q = -578 + 595. Calculate the remainder when 84 is divided by q.
16
Let y(t) = 5*t**2 - 1. Let c be y(-1). Suppose -105 = -c*j - 9. Suppose 4*q - 20 = j. What is the remainder when 31 is divided by q?
9
Let u(y) = 13*y**3 - 3*y**3 - y**3 + 3*y**3 + 2 - y**2. Calculate the remainder when u(1) is divided by 9.
4
Suppose 3*u - 155 = -2*u. Let x be -3 + 98/6 - 4/(-6). Let w(i) = -i**2 + 17*i + 18. What is the remainder when w(x) is divided by u?
29
Suppose -28*z + 25*z + 45 = 0. Suppose -2*u - 3*u = z. What is the remainder when 69 is divided by 11 - (u/3 - -2)?
9
Let y be 8/4*14/(-4). Let g = -3 - y. Let p = g + -1. Calculate the remainder when p is divided by 2.
1
Let o be (-16)/56 - (-5)/(-7). Let g = o - -4. Suppose 0 = -g*p + 49 + 104. Calculate the remainder when p is divided by 13.
12
Let z = -171 - -216. Calculate the remainder when z is divided by 10.
5
Let t = 10 + 18. Suppose 4*r - 2*x + x - 57 = 0, r - t = 3*x. Suppose 4*l - 196 = 5*n, -39 - 10 = -l - 2*n. What is the remainder when l is divided by r?
10
Let m = -202 + 320. What is the remainder when m is divided by 11?
8
Let y(w) = -4*w**2 + 58*w - 19. Suppose -3*l + 85 = a, -l + 5*a + 0*a = -55. Calculate the remainder when y(13) is divided by l.
29
Let n = -6 - -16. What is the remainder when 45 is divided by n?
5
Let o be (-2)/(-6) - (-17)/3. Suppose 232 = 7*u + 71. What is the remainder when u is divided by o/((30/8)/5)?
7
Let n(v) = 6*v + 8. Calculate the remainder when n(11) is divided by 3*5/(-15) + 26.
24
Calculate the remainder when 94 is divided by (-2952)/(-148) - (-26)/481.
14
Let b = -181 - -190. What is the remainder when 79 is divided by b?
7
Suppose -5*o - 4*p = 0, -5*p = -o - 4*p. Suppose o = -j + 4*j - 153. What is the remainder when 199 is divided by j?
46
Let b = 7 - -18. Let y(j) = 19*j**2 + 4*j + 2. Let t be y(4). Let n = t + -226. Calculate the remainder when n is divided by b.
21
Suppose 100 = 7*b - 2*b. What is the remainder when 8138/208 + ((-2)/16 - 0) is divided by b?
19
Suppose 108*l - 86*l - 1364 = 0. Calculate the remainder when 183 is divided by l.
59
Suppose 4*o - n - 558 = 0, -74 = 4*o + 2*n - 626. Calculate the remainder when o is divided by 70.
69
Let f = -110 - -188. What is the remainder when f is divided by 14?
8
Let r(u) = -7*u + 20. Suppose -v - j - 4 = 0, 5 + 17 = -3*v - j. Calculate the remainder when r(v) is divided by 14.
13
Let g(k) = -k + 4. Let z be g(14). What is the remainder when (18/(-15))/(4/z) is divided by 2?
1
Let n(a) = a**3 - 2*a**2 + a. Let q be n(4). Let h = q + -7. Calculate the remainder when 53 is divided by h.
24
Calculate the remainder when (11/33)/((-4)/(-1356)) is divided by 30.
23
Let k(q) = -6*q + 129. Calculate the remainder when k(-19) is divided by 82.
79
Let g(u) = u**2 - u - 4. Let r(o) = -o**2 - 4*o + 63. What is the remainder when g(-3) is divided by r(-10)?
2
Let l(a) be the second derivative of -a**4/12 - 13*a**3/6 - 2*a**2 - a. Calculate the remainder when l(-7) is divided by 2/3 - 147/(-63) - -11.
10
Let d(y) be the first derivative of -7*y**4/4 + y**3/3 - y + 4. Calculate the remainder when d(-1) is divided by 5.
2
Calculate the remainder when (-8)/(160/15)*(-78 - 14) is divided by 31.
7
Suppose 0 = -20*b + 2874 + 466. What is the remainder when b is divided by 50?
17
Let u(k) = -10*k - 98. Calculate the remainder when u(-23) is divided by 15.
12
Let z(j) = j**2 + 4*j - 7. Let g(l) = 2*l**2 + 4*l - 8. Let f(a) = 2*g(a) - 3*z(a). Let x be f(5). What is the remainder when 29 is divided by 6/15 - (-76)/x?
5
Let s = 153 - 119. Calculate the remainder when 88 is divided by s.
20
Let n(a) = 19*a - 124. Let v(y) = -6*y + 41. Let f(s) = -2*n(s) - 7*v(s). What is the remainder when 22 is divided by f(12)?
4
Let q = 208 - 185. What is the remainder when 127 is divided by q?
12
Let b = 419 - 213. Calculate the remainder when b is divided by 44.
30
Suppose 0 = -y - 0*y. Let b be (y + -1)*-13*1. Let z = 34 - b. What is the remainder when 41 is divided by z?
20
Suppose -5*f - 2*m - 79 = -10*f, -3*f + 6*m + 57 = 0. What is the remainder when 296 is divided by f?
11
Let u(h) = h**3 + 18*h**2 - 20*h - 2. Let d be u(-14). Suppose 0*m - d = -9*m. What is the remainder when m is divided by 30?
28
Calculate the remainder when (3/(-5))/(3/(-15)) is divided by ((-9)/15)/(2*(-2)/20).
0
Let j(y) = -y. Let l(s) = -8*s + 29. Let d(r) = -6*j(r) + l(r). Let x(q) = 6*q - 1. Calculate the remainder when d(6) is divided by x(1).
2
Let d(a) = 66*a**2 - 16*a + 51. What is the remainder when d(3) is divided by 60?
57
Suppose -5*y - y = -126. Suppose -y + 130 = g. What is the remainder when g is divided by 22?
21
Suppose 2*s = -4*s + 30. Suppose s*p = -2*o + 495, 10 + 0 = -2*o. What is the remainder when p is divided by 13?
10
Let a = 111 - 95. What is the remainder when a is divided by 6?
4
Let v(y) = 4*y**3 - 2*y**2 + y - 2. Let d = -391 + 745. Suppose -u - 4*w + 57 = 0, -3*u - 2*u + d = -3*w. What is the remainder when u is divided by v(2)?
21
Suppose -4*a + 167 = -4*m - 65, -4*m + 4 = 0. Calculate the remainder when a is divided by 38.
21
What is the remainder when 1671 is divided by 2/16 + 988/32?
28
Let n = -1 + 8. Suppose -3*s = w - 104, -2*s = -n*s + 4*w + 145. Calculate the remainder when s is divided by 13.
7
Let w be (8/12)/(1/30). Let z = w + 11. Calculate the remainder when z is divided by 8.
7
Suppose -7*x - 15 = -4*x. Let w(q) = 